{"id":34,"date":"2018-01-29T15:54:35","date_gmt":"2018-01-29T13:54:35","guid":{"rendered":"http:\/\/td_uid_2_5a6f43bbba47c"},"modified":"2020-10-26T14:07:21","modified_gmt":"2020-10-26T12:07:21","slug":"contacto","status":"publish","type":"page","link":"https:\/\/frdelpino.es\/actualidad\/contacto\/","title":{"rendered":"Contacto"},"content":{"rendered":"<p>Si desea darse de alta en nuestra base de datos para recibir informaci\u00f3n de nuestras actividades pinche <a class=\"recuadro\" href=\"https:\/\/www.eventosfrp.com\/action.html?bl=00000000000000000000000000000000ZXZlbnRvcw==&amp;aid=su\" target=\"_blank\" rel=\"noopener noreferrer\">aqu\u00ed<\/a><\/p>\n<p>Contacte con nosotros por tel\u00e9fono o por correo electr\u00f3nico si tiene cualquier duda, consulta o sugerencia o si desea informaci\u00f3n sobre nuestras actividades.<\/p>\n<p><a href=\"https:\/\/www.google.com\/maps\/place\/Fundaci%C3%B3n+Rafael+del+Pino\/@40.434271,-3.689305,14z\/data=!4m5!3m4!1s0x0:0xce1afc2d0a64cbcf!8m2!3d40.4342706!4d-3.6893051\" target=\"_blank\" rel=\"noopener noreferrer\"><img loading=\"lazy\" decoding=\"async\" class=\"wp-image-17354 size-full alignright\" src=\"https:\/\/frdelpino.es\/wp-content\/uploads\/2019\/08\/rafael-del-pino-mapa-de-situacion.jpg\" alt=\"\" width=\"600\" height=\"300\" \/><\/a><\/p>\n<ul class=\"contacto alignleft\" style=\"padding: 5em .2em .5em;margin: 0;list-style: none;\">\n<li><strong>Direcci\u00f3n<\/strong><\/li>\n<li>Rafael Calvo, 39<\/li>\n<li>28010 Madrid<\/li>\n<li>91 396 86 00<\/li>\n<li>info@frdelpino.es<\/li>\n<\/ul>\n","protected":false},"excerpt":{"rendered":"<p>Si desea darse de alta en nuestra base de datos para recibir informaci\u00f3n de nuestras actividades pinche aqu\u00ed Contacte con nosotros por tel\u00e9fono o por correo electr\u00f3nico si tiene cualquier duda, consulta o sugerencia o si desea informaci\u00f3n sobre nuestras actividades. Direcci\u00f3n Rafael Calvo, 39 28010 Madrid 91 396 86 00 info@frdelpino.es<\/p>\n","protected":false},"author":5,"featured_media":0,"parent":0,"menu_order":0,"comment_status":"open","ping_status":"closed","template":"","meta":{"_acf_changed":false,"footnotes":""},"class_list":["post-34","page","type-page","status-publish"],"acf":[],"yoast_head":"<!-- This site is optimized with the Yoast SEO plugin v27.4 - https:\/\/yoast.com\/product\/yoast-seo-wordpress\/ -->\n<title>Contacto - FRP Gaceta<\/title>\n<meta name=\"robots\" content=\"index, follow, max-snippet:-1, max-image-preview:large, max-video-preview:-1\" \/>\n<link rel=\"canonical\" href=\"https:\/\/frdelpino.es\/actualidad\/contacto\/\" \/>\n<meta property=\"og:locale\" content=\"es_ES\" \/>\n<meta property=\"og:type\" content=\"article\" \/>\n<meta property=\"og:title\" content=\"Contacto - FRP Gaceta\" \/>\n<meta property=\"og:description\" content=\"Si desea darse de alta en nuestra base de datos para recibir informaci\u00f3n de nuestras actividades pinche aqu\u00ed Contacte con nosotros por tel\u00e9fono o por correo electr\u00f3nico si tiene cualquier duda, consulta o sugerencia o si desea informaci\u00f3n sobre nuestras actividades. Direcci\u00f3n Rafael Calvo, 39 28010 Madrid 91 396 86 00 info@frdelpino.es\" \/>\n<meta property=\"og:url\" content=\"https:\/\/frdelpino.es\/actualidad\/contacto\/\" \/>\n<meta property=\"og:site_name\" content=\"FRP Gaceta\" \/>\n<meta property=\"article:publisher\" content=\"https:\/\/www.facebook.com\/frdelpino\" \/>\n<meta property=\"article:modified_time\" content=\"2020-10-26T12:07:21+00:00\" \/>\n<meta property=\"og:image\" content=\"https:\/\/frdelpino.es\/wp-content\/uploads\/2019\/08\/rafael-del-pino-mapa-de-situacion.jpg\" \/>\n<meta name=\"twitter:card\" content=\"summary_large_image\" \/>\n<meta name=\"twitter:site\" content=\"@frdelpino\" \/>\n<script type=\"application\/ld+json\" class=\"yoast-schema-graph\">{\"@context\":\"https:\\\/\\\/schema.org\",\"@graph\":[{\"@type\":\"WebPage\",\"@id\":\"https:\\\/\\\/frdelpino.es\\\/actualidad\\\/contacto\\\/\",\"url\":\"https:\\\/\\\/frdelpino.es\\\/actualidad\\\/contacto\\\/\",\"name\":\"Contacto - FRP Gaceta\",\"isPartOf\":{\"@id\":\"https:\\\/\\\/frdelpino.es\\\/actualidad\\\/#website\"},\"primaryImageOfPage\":{\"@id\":\"https:\\\/\\\/frdelpino.es\\\/actualidad\\\/contacto\\\/#primaryimage\"},\"image\":{\"@id\":\"https:\\\/\\\/frdelpino.es\\\/actualidad\\\/contacto\\\/#primaryimage\"},\"thumbnailUrl\":\"https:\\\/\\\/frdelpino.es\\\/wp-content\\\/uploads\\\/2019\\\/08\\\/rafael-del-pino-mapa-de-situacion.jpg\",\"datePublished\":\"2018-01-29T13:54:35+00:00\",\"dateModified\":\"2020-10-26T12:07:21+00:00\",\"breadcrumb\":{\"@id\":\"https:\\\/\\\/frdelpino.es\\\/actualidad\\\/contacto\\\/#breadcrumb\"},\"inLanguage\":\"es\",\"potentialAction\":[{\"@type\":\"ReadAction\",\"target\":[\"https:\\\/\\\/frdelpino.es\\\/actualidad\\\/contacto\\\/\"]}]},{\"@type\":\"ImageObject\",\"inLanguage\":\"es\",\"@id\":\"https:\\\/\\\/frdelpino.es\\\/actualidad\\\/contacto\\\/#primaryimage\",\"url\":\"https:\\\/\\\/frdelpino.es\\\/wp-content\\\/uploads\\\/2019\\\/08\\\/rafael-del-pino-mapa-de-situacion.jpg\",\"contentUrl\":\"https:\\\/\\\/frdelpino.es\\\/wp-content\\\/uploads\\\/2019\\\/08\\\/rafael-del-pino-mapa-de-situacion.jpg\"},{\"@type\":\"BreadcrumbList\",\"@id\":\"https:\\\/\\\/frdelpino.es\\\/actualidad\\\/contacto\\\/#breadcrumb\",\"itemListElement\":[{\"@type\":\"ListItem\",\"position\":1,\"name\":\"Portada\",\"item\":\"https:\\\/\\\/frdelpino.es\\\/actualidad\\\/\"},{\"@type\":\"ListItem\",\"position\":2,\"name\":\"Contacto\"}]},{\"@type\":\"WebSite\",\"@id\":\"https:\\\/\\\/frdelpino.es\\\/actualidad\\\/#website\",\"url\":\"https:\\\/\\\/frdelpino.es\\\/actualidad\\\/\",\"name\":\"FRP Gaceta\",\"description\":\"Una iniciativa de la Fundaci\u00f3n Rafael del Pino\",\"potentialAction\":[{\"@type\":\"SearchAction\",\"target\":{\"@type\":\"EntryPoint\",\"urlTemplate\":\"https:\\\/\\\/frdelpino.es\\\/actualidad\\\/?s={search_term_string}\"},\"query-input\":{\"@type\":\"PropertyValueSpecification\",\"valueRequired\":true,\"valueName\":\"search_term_string\"}}],\"inLanguage\":\"es\"}]}<\/script>\n<!-- \/ Yoast SEO plugin. -->","yoast_head_json":{"title":"Contacto - FRP Gaceta","robots":{"index":"index","follow":"follow","max-snippet":"max-snippet:-1","max-image-preview":"max-image-preview:large","max-video-preview":"max-video-preview:-1"},"canonical":"https:\/\/frdelpino.es\/actualidad\/contacto\/","og_locale":"es_ES","og_type":"article","og_title":"Contacto - FRP Gaceta","og_description":"Si desea darse de alta en nuestra base de datos para recibir informaci\u00f3n de nuestras actividades pinche aqu\u00ed Contacte con nosotros por tel\u00e9fono o por correo electr\u00f3nico si tiene cualquier duda, consulta o sugerencia o si desea informaci\u00f3n sobre nuestras actividades. Direcci\u00f3n Rafael Calvo, 39 28010 Madrid 91 396 86 00 info@frdelpino.es","og_url":"https:\/\/frdelpino.es\/actualidad\/contacto\/","og_site_name":"FRP Gaceta","article_publisher":"https:\/\/www.facebook.com\/frdelpino","article_modified_time":"2020-10-26T12:07:21+00:00","og_image":[{"url":"https:\/\/frdelpino.es\/wp-content\/uploads\/2019\/08\/rafael-del-pino-mapa-de-situacion.jpg","type":"","width":"","height":""}],"twitter_card":"summary_large_image","twitter_site":"@frdelpino","schema":{"@context":"https:\/\/schema.org","@graph":[{"@type":"WebPage","@id":"https:\/\/frdelpino.es\/actualidad\/contacto\/","url":"https:\/\/frdelpino.es\/actualidad\/contacto\/","name":"Contacto - FRP Gaceta","isPartOf":{"@id":"https:\/\/frdelpino.es\/actualidad\/#website"},"primaryImageOfPage":{"@id":"https:\/\/frdelpino.es\/actualidad\/contacto\/#primaryimage"},"image":{"@id":"https:\/\/frdelpino.es\/actualidad\/contacto\/#primaryimage"},"thumbnailUrl":"https:\/\/frdelpino.es\/wp-content\/uploads\/2019\/08\/rafael-del-pino-mapa-de-situacion.jpg","datePublished":"2018-01-29T13:54:35+00:00","dateModified":"2020-10-26T12:07:21+00:00","breadcrumb":{"@id":"https:\/\/frdelpino.es\/actualidad\/contacto\/#breadcrumb"},"inLanguage":"es","potentialAction":[{"@type":"ReadAction","target":["https:\/\/frdelpino.es\/actualidad\/contacto\/"]}]},{"@type":"ImageObject","inLanguage":"es","@id":"https:\/\/frdelpino.es\/actualidad\/contacto\/#primaryimage","url":"https:\/\/frdelpino.es\/wp-content\/uploads\/2019\/08\/rafael-del-pino-mapa-de-situacion.jpg","contentUrl":"https:\/\/frdelpino.es\/wp-content\/uploads\/2019\/08\/rafael-del-pino-mapa-de-situacion.jpg"},{"@type":"BreadcrumbList","@id":"https:\/\/frdelpino.es\/actualidad\/contacto\/#breadcrumb","itemListElement":[{"@type":"ListItem","position":1,"name":"Portada","item":"https:\/\/frdelpino.es\/actualidad\/"},{"@type":"ListItem","position":2,"name":"Contacto"}]},{"@type":"WebSite","@id":"https:\/\/frdelpino.es\/actualidad\/#website","url":"https:\/\/frdelpino.es\/actualidad\/","name":"FRP Gaceta","description":"Una iniciativa de la Fundaci\u00f3n Rafael del Pino","potentialAction":[{"@type":"SearchAction","target":{"@type":"EntryPoint","urlTemplate":"https:\/\/frdelpino.es\/actualidad\/?s={search_term_string}"},"query-input":{"@type":"PropertyValueSpecification","valueRequired":true,"valueName":"search_term_string"}}],"inLanguage":"es"}]}},"_links":{"self":[{"href":"https:\/\/frdelpino.es\/actualidad\/wp-json\/wp\/v2\/pages\/34","targetHints":{"allow":["GET"]}}],"collection":[{"href":"https:\/\/frdelpino.es\/actualidad\/wp-json\/wp\/v2\/pages"}],"about":[{"href":"https:\/\/frdelpino.es\/actualidad\/wp-json\/wp\/v2\/types\/page"}],"author":[{"embeddable":true,"href":"https:\/\/frdelpino.es\/actualidad\/wp-json\/wp\/v2\/users\/5"}],"replies":[{"embeddable":true,"href":"https:\/\/frdelpino.es\/actualidad\/wp-json\/wp\/v2\/comments?post=34"}],"version-history":[{"count":4,"href":"https:\/\/frdelpino.es\/actualidad\/wp-json\/wp\/v2\/pages\/34\/revisions"}],"predecessor-version":[{"id":3528,"href":"https:\/\/frdelpino.es\/actualidad\/wp-json\/wp\/v2\/pages\/34\/revisions\/3528"}],"wp:attachment":[{"href":"https:\/\/frdelpino.es\/actualidad\/wp-json\/wp\/v2\/media?parent=34"}],"curies":[{"name":"wp","href":"https:\/\/api.w.org\/{rel}","templated":true}]}}

<p>Si desea darse de alta en nuestra base de datos para recibir información de nuestras actividades pinche <a class="recuadro" href="https://www.eventosfrp.com/action.html?bl=00000000000000000000000000000000ZXZlbnRvcw==&amp;aid=su" target="_blank" rel="noopener noreferrer">aquí</a></p>
<p>Contacte con nosotros por teléfono o por correo electrónico si tiene cualquier duda, consulta o sugerencia o si desea información sobre nuestras actividades.</p>
<p><a href="https://www.google.com/maps/place/Fundaci%C3%B3n+Rafael+del+Pino/@40.434271,-3.689305,14z/data=!4m5!3m4!1s0x0:0xce1afc2d0a64cbcf!8m2!3d40.4342706!4d-3.6893051" target="_blank" rel="noopener noreferrer"><img loading="lazy" decoding="async" class="wp-image-17354 size-full alignright" src="https://frdelpino.es/wp-content/uploads/2019/08/rafael-del-pino-mapa-de-situacion.jpg" alt="" width="600" height="300" /></a></p>
<ul class="contacto alignleft" style="padding: 5em .2em .5em;margin: 0;list-style: none;">
<li><strong>Dirección</strong></li>
<li>Rafael Calvo, 39</li>
<li>28010 Madrid</li>
<li>91 396 86 00</li>
<li>info@frdelpino.es</li>
</ul>

<p>Si desea darse de alta en nuestra base de datos para recibir información de nuestras actividades pinche aquí Contacte con nosotros por teléfono o por correo electrónico si tiene cualquier duda, consulta o sugerencia o si desea información sobre nuestras actividades. Dirección Rafael Calvo, 39 28010 Madrid 91 396 86 00 info@frdelpino.es</p>

<!-- This site is optimized with the Yoast SEO plugin v27.4 - https://yoast.com/product/yoast-seo-wordpress/ -->
<title>Contacto - FRP Gaceta</title>
<meta name="robots" content="index, follow, max-snippet:-1, max-image-preview:large, max-video-preview:-1" />
<link rel="canonical" href="https://frdelpino.es/actualidad/contacto/" />
<meta property="og:locale" content="es_ES" />
<meta property="og:type" content="article" />
<meta property="og:title" content="Contacto - FRP Gaceta" />
<meta property="og:description" content="Si desea darse de alta en nuestra base de datos para recibir información de nuestras actividades pinche aquí Contacte con nosotros por teléfono o por correo electrónico si tiene cualquier duda, consulta o sugerencia o si desea información sobre nuestras actividades. Dirección Rafael Calvo, 39 28010 Madrid 91 396 86 00 info@frdelpino.es" />
<meta property="og:url" content="https://frdelpino.es/actualidad/contacto/" />
<meta property="og:site_name" content="FRP Gaceta" />
<meta property="article:publisher" content="https://www.facebook.com/frdelpino" />
<meta property="article:modified_time" content="2020-10-26T12:07:21+00:00" />
<meta property="og:image" content="https://frdelpino.es/wp-content/uploads/2019/08/rafael-del-pino-mapa-de-situacion.jpg" />
<meta name="twitter:card" content="summary_large_image" />
<meta name="twitter:site" content="@frdelpino" />
<script type="application/ld+json" class="yoast-schema-graph">{"@context":"https:\/\/schema.org","@graph":[{"@type":"WebPage","@id":"https:\/\/frdelpino.es\/actualidad\/contacto\/","url":"https:\/\/frdelpino.es\/actualidad\/contacto\/","name":"Contacto - FRP Gaceta","isPartOf":{"@id":"https:\/\/frdelpino.es\/actualidad\/#website"},"primaryImageOfPage":{"@id":"https:\/\/frdelpino.es\/actualidad\/contacto\/#primaryimage"},"image":{"@id":"https:\/\/frdelpino.es\/actualidad\/contacto\/#primaryimage"},"thumbnailUrl":"https:\/\/frdelpino.es\/wp-content\/uploads\/2019\/08\/rafael-del-pino-mapa-de-situacion.jpg","datePublished":"2018-01-29T13:54:35+00:00","dateModified":"2020-10-26T12:07:21+00:00","breadcrumb":{"@id":"https:\/\/frdelpino.es\/actualidad\/contacto\/#breadcrumb"},"inLanguage":"es","potentialAction":[{"@type":"ReadAction","target":["https:\/\/frdelpino.es\/actualidad\/contacto\/"]}]},{"@type":"ImageObject","inLanguage":"es","@id":"https:\/\/frdelpino.es\/actualidad\/contacto\/#primaryimage","url":"https:\/\/frdelpino.es\/wp-content\/uploads\/2019\/08\/rafael-del-pino-mapa-de-situacion.jpg","contentUrl":"https:\/\/frdelpino.es\/wp-content\/uploads\/2019\/08\/rafael-del-pino-mapa-de-situacion.jpg"},{"@type":"BreadcrumbList","@id":"https:\/\/frdelpino.es\/actualidad\/contacto\/#breadcrumb","itemListElement":[{"@type":"ListItem","position":1,"name":"Portada","item":"https:\/\/frdelpino.es\/actualidad\/"},{"@type":"ListItem","position":2,"name":"Contacto"}]},{"@type":"WebSite","@id":"https:\/\/frdelpino.es\/actualidad\/#website","url":"https:\/\/frdelpino.es\/actualidad\/","name":"FRP Gaceta","description":"Una iniciativa de la Fundación Rafael del Pino","potentialAction":[{"@type":"SearchAction","target":{"@type":"EntryPoint","urlTemplate":"https:\/\/frdelpino.es\/actualidad\/?s={search_term_string}"},"query-input":{"@type":"PropertyValueSpecification","valueRequired":true,"valueName":"search_term_string"}}],"inLanguage":"es"}]}</script>
<!-- / Yoast SEO plugin. -->

Si desea darse de alta en nuestra base de datos para recibir información de nuestras actividades pinche aquí Contacte con nosotros por teléfono o por correo electrónico si tiene cualquier duda, consulta o sugerencia o si desea información sobre nuestras actividades. Dirección Rafael Calvo, 39 28010 Madrid 91 396 86 00 info@frdelpino.es

Una iniciativa de la Fundación Rafael del Pino
